{"id":56,"date":"2015-03-11T16:38:51","date_gmt":"2015-03-11T14:38:51","guid":{"rendered":"http:\/\/bauer-ulm.com\/wp-gastroevents\/?page_id=56"},"modified":"2025-10-15T14:09:35","modified_gmt":"2025-10-15T12:09:35","slug":"datenschutz","status":"publish","type":"page","link":"https:\/\/www.gastroevents-ulm.de\/event\/datenschutz\/","title":{"rendered":"DATENSCHUTZ"},"content":{"rendered":"<p>[et_pb_section fb_built=&#8220;1&#8243; admin_label=&#8220;section&#8220; _builder_version=&#8220;4.16&#8243; global_colors_info=&#8220;{}&#8220;][et_pb_row admin_label=&#8220;row&#8220; _builder_version=&#8220;4.16&#8243; background_size=&#8220;initial&#8220; background_position=&#8220;top_left&#8220; background_repeat=&#8220;repeat&#8220; global_colors_info=&#8220;{}&#8220;][et_pb_column type=&#8220;4_4&#8243; _builder_version=&#8220;4.16&#8243; custom_padding=&#8220;|||&#8220; global_colors_info=&#8220;{}&#8220; custom_padding__hover=&#8220;|||&#8220;][et_pb_text admin_label=&#8220;Text&#8220; _builder_version=&#8220;4.24.0&#8243; background_size=&#8220;initial&#8220; background_position=&#8220;top_left&#8220; background_repeat=&#8220;repeat&#8220; hover_enabled=&#8220;0&#8243; use_border_color=&#8220;off&#8220; border_color=&#8220;#ffffff&#8220; border_style=&#8220;solid&#8220; global_colors_info=&#8220;{}&#8220; sticky_enabled=&#8220;0&#8243;]<\/p>\n<p>Rechtliche Hinweise<\/p>\n<ol>\n<li>Verf\u00fcgbarkeit und Inhalt des Internet-Auftritts<br \/>Die gastroevents GmbH &amp; Co. KG \u00fcbernimmt keinerlei Gew\u00e4hr f\u00fcr die technische Verf\u00fcgbarkeit, Aktualit\u00e4t, Richtigkeit, Vollst\u00e4ndigkeit oder Qualit\u00e4t der im Rahmen dieses Internet-Auftritts bereit gestellten Informationen.\u00a0Die gastroevents GmbH &amp; Co. KG beh\u00e4lt sich ausdr\u00fccklich vor, Teile oder den gesamten Internet-Auftritt ohne gesonderte Ank\u00fcndigung zu ver\u00e4ndern, zu erg\u00e4nzen, zu l\u00f6schen oder die Ver\u00f6ffentlichung zeitweise oder endg\u00fcltig einzustellen. Haftungsanspr\u00fcche, welche sich auf Sch\u00e4den materieller oder immaterieller Art beziehen, die durch die Nutzung oder Nichtnutzung der dargebotenen Informationen bzw. durch die Nutzung fehlerhafter oder unvollst\u00e4ndiger Informationen verursacht wurden, sind ausgeschlossen, soweit sie nicht nachweislich auf einer der gastroevents GmbH &amp; Co. KG zurechenbaren vors\u00e4tzlichen oder grob fahrl\u00e4ssigen Verletzung einer Hauptpflicht gegen\u00fcber dem Nutzer beruhen.<\/li>\n<li>Verweise und Links<br \/>Die gastroevents GmbH &amp; Co. KG \u00fcbernimmt auch keine Haftung f\u00fcr alle innerhalb des eigenen Internet-Auftritts gesetzten direkten oder indirekten Verweise auf fremde Internetangebote (insbesondere sog. \u201eLinks\u201c).\u00a0Die gastroevents GmbH &amp; Co. KG ist nicht Urheber der verlinkten bzw. in sonstiger Weise verkn\u00fcpften Internetangebote. Deren Inhalte sind f\u00fcr die gastroevents GmbH &amp; Co. KG nicht st\u00e4ndig \u00fcberpr\u00fcfbar; durch die Verlinkung macht sich die gastroevents GmbH &amp; Co. KG diese Inhalte daher weder zu eigen noch werden sie gebilligt. Die Nutzung von Links oder anderen technischen Verweisen auf Inhalte au\u00dferhalb des Internet-Auftritts der gastroevents GmbH &amp; Co. KG erfolgt auf eigene Verantwortung. F\u00fcr illegale, fehlerhafte oder unvollst\u00e4ndige Inhalte und insbesondere f\u00fcr Sch\u00e4den, die aus der Nutzung oder Nichtnutzung der Inhalte dieser fremden Internetangebote entstehen, haftet die gastroevents GmbH &amp; Co. KG nicht.<\/li>\n<li>Urheberrecht, Marken- und Kennzeichenrecht<br \/>Die im Internet-Auftritt der gastroevents GmbH &amp; Co. KG enthaltenen Texte, Bilder und audiovisuellen Inhalte, insbesondere auch das Layout und Design dieses Internet-Auftritts, sind urheberrechtlich gesch\u00fctzt. Sie d\u00fcrfen ohne vorherige Zustimmung der gastroevents GmbH &amp; Co. KG oder des jeweiligen Rechteinhabers nicht zu anderen als zu rein privaten Zwecken genutzt werden. Unzul\u00e4ssig ist insbesondere eine \u00f6ffentliche Wiedergabe, eine sonstige Verbreitung von Vervielf\u00e4ltigungsst\u00fccken oder eine Ver\u00e4nderung der Inhalte dieses Internet-Auftritts oder von Teilen hiervon. Soweit der Internet-Auftritt der gastroevents GmbH &amp; Co. KG gesch\u00fctzte Marken- oder sonstige Kennzeichen enth\u00e4lt, unterliegen diese ohne Einschr\u00e4nkung den Vorschriften des jeweiligen Kennzeichenrechts sowie den Besitzrechten der jeweiligen Eigent\u00fcmer.<\/li>\n<li>Datenschutz<br \/>Soweit bei der Nutzung des Internet-Auftritts der gastroevents GmbH &amp; Co. KG personenbezogene Daten erhoben, verarbeitet oder genutzt werden, erfolgt dies auf der Grundlage geltender datenschutzrechtlicher Bestimmungen. Soweit innerhalb des Internet-Auftritts der gastroevents GmbH &amp; Co. KG die M\u00f6glichkeit besteht, pers\u00f6nliche oder gesch\u00e4ftliche Daten (z. B. Name, Anschrift, Telefonnummer, E-Mail-Adresse) einzugeben, wird davon ausgegangen, dass die Angabe dieser personenbezogenen Daten freiwillig erfolgt. Da die \u00dcbermittlung von Informationen im Internet nicht v\u00f6llig sicher ist, kann nicht ausgeschlossen werden, dass Dritte \u00fcbermittelte Daten abfangen oder ver\u00e4ndern. In Angelegenheiten, die besondere Vertraulichkeit erfordern, sollte daher auf andere Arten der \u00dcbermittlung zur\u00fcckgegriffen werden.<\/li>\n<li>Protokollierung<br \/>Zum Schutz der Website der gastroevents GmbH &amp; Co. KG werden relevante Zugriffsdaten gespeichert. Je nach verwendetem Zugriffsprotokoll beinhaltet der Protokolldatensatz Angaben mit folgenden Inhalten:<br \/>IP-Adresse des anfordernden Rechners<br \/>Datum und Uhrzeit der Anforderung<br \/>vom anfordernden Rechner gew\u00fcnschte Zugriffsmethode\/Funktion<br \/>vom anfordernden Rechner \u00fcbermittelte Eingabewerte (Dateiname, \u2026)<br \/>Zugriffsstatus des Web-Servers (Datei \u00fcbertragen, Datei nicht gefunden, Kommando nicht ausgef\u00fchrt, etc.)<br \/>Name der angeforderten Datei<br \/>URL, von der aus die Datei angefordert\/die gew\u00fcnschte Funktion veranlasst wurde<\/li>\n<\/ol>\n<p>Die gespeicherten Daten werden ausschlie\u00dflich zu Zwecken der Identifikation und Nachverfolgung unzul\u00e4ssiger Zugriffsversuche und Zugriffe auf den Web-Server verwendet. Die gespeicherten Daten werden f\u00fcr keine anderen Zwecke als f\u00fcr die Datensicherheit verwendet.<\/p>\n<p>6. Wirksamkeit der Nutzungsbedingungen \/ des Haftungsausschlusses<br \/>Die vorstehenden Nutzungsbedingungen sowie der darin erhaltene Haftungsausschluss sind wesentlicher Bestandteil des Internet-Auftritts der gastroevents GmbH &amp; Co. KG. Sie besitzen auch in den F\u00e4llen uneingeschr\u00e4nkte G\u00fcltigkeit, in denen von dritter Seite auf den Internet-Auftritt der gastroevents GmbH &amp; Co. KG verwiesen wird. Sollten Teile dieser Nutzungsbedingungen bzw. des Haftungsausschlusses der geltenden Rechtslage nicht, nicht mehr oder nicht vollst\u00e4ndig entsprechen, ber\u00fchrt dies die \u00fcbrigen Teile dieser Nutzungsbedingungen\/des Haftungsausschlusses in ihrer G\u00fcltigkeit nicht.<\/p>\n<p>&nbsp;<\/p>\n<p>Datenschutz<\/p>\n<p>&nbsp;<\/p>\n<p>Informationen gem\u00e4\u00df Art. 13 DSGVO:<\/p>\n<p>Namen und die Kontaktdaten des Verantwortlichen: gastroevents GmbH &amp; Co. KG Steinbeisstra\u00dfe 7 89079 Ulm www.gastroevents-ulm.de E-Mail: info@gastroevents-ulm.de Vertreten durch:Thomas Eifert, Marian Schneider<\/p>\n<p>Kontaktdaten des Datenschutzbeauftragten:<\/p>\n<p>dsg Datenschutz GmbH<br \/>Tobias Marx<br \/>Zeppelinstra\u00dfe 9<br \/>89231 Neu-Ulm<br \/>E-Mail:\u00a0<a href=\"mailto:datenschutz@dsg-ulm.de\">datenschutz@dsg-ulm.de<\/a><\/p>\n<p>Die Datenerhebung erfolgt zum Zweck des Betriebs einer Website, zur Daten\u00fcbertragung \u00fcber ein Kontaktformular, zur Auswertung von Zugriffen, zum Betrieb eines Webshops, zum Schreiben und Lesen von Cookies. Die Erhebung erfolgt auf Grundlage des Art. 6, 1a DSGVO, sowie auf Grundlage Art. 6, 1f DSGVO. Durch Ihren Besuch auf dieser Website entsteht eine ma\u00dfgebliche Beziehung zwischen Ihnen und dem Betreiber dieser Website gem\u00e4\u00df Art. 6, 1.f DSGVO Kategorien von Empf\u00e4ngern der personenbezogenen Daten sind: Technischer Betreiber der Website, Verantwortlicher f\u00fcr die Website im Sinne der DSGVO, verbundene Konzernunternehmen, Auftragsverarbeiter im Sinne Art. 28 DSGVO Personenbezogene Daten werden f\u00fcr die Dauer der G\u00fcltigkeit der entsprechenden Einwilligung sowie gem\u00e4\u00df den gesetzlichen Aufbewahrungsfristen, gespeichert. Sie haben das Recht auf Auskunft seitens des Verantwortlichen \u00fcber die betreffenden personenbezogenen Daten sowie auf Berichtigung oder L\u00f6schung oder auf Einschr\u00e4nkung der Verarbeitung oder eines Widerspruchsrechts gegen die Verarbeitung sowie des Rechts auf Daten\u00fcbertragbarkeit Ferner haben Sie das Recht die Einwilligung jederzeit zu widerrufen, ohne dass die Rechtm\u00e4\u00dfigkeit der aufgrund der Einwilligung bis zum Widerruf erfolgten Verarbeitung ber\u00fchrt wird. F\u00fcr den Betroffenen besteht ein Beschwerderecht bei der Aufsichtsbeh\u00f6rde. Die als Pflichtfelder gekennzeichneten Felder sind f\u00fcr Vertragsabschl\u00fcsse erforderlich, eine Nichtbereitstellung kann dazu f\u00fchren, dass der entsprechende Vorgang nicht bearbeitet werden kann. Es finden keine automatisierten Entscheidungsfindungen einschlie\u00dflich profilinggem\u00e4\u00df Artikel 22 Abs\u00e4tze 1 und 4 DSGVO st<\/p>\n<p>Unser Internetauftritt verwendet Plugins des sozialen Netzwerkes facebook.com, welches von der Facebook Inc., 1601 S. California Ave, Palo Alto, CA 94304, USA betrieben wird (\u201eFacebook\u201c). Die Plugins sind mit einem Facebook Logo oder dem Zusatz \u201eFacebook Social Plugin\u201c gekennzeichnet.\u2028 Wenn Sie eine Webseite unseres Internetauftritts aufrufen, die ein solches Plugin enth\u00e4lt, baut Ihr Browser eine direkte Verbindung mit den Servern von Facebook auf. Der Inhalt des Plugins wird von Facebook direkt an Ihren Browser \u00fcbermittelt und von diesem in die Webseite eingebunden. Durch die Einbindung der Plugins erh\u00e4lt Facebook die Information, dass Sie die entsprechende Seite unseres Internetauftritts aufgerufen haben. Dazu wird die Internetadresse der besuchten Webseite (einschlie\u00dflich Ihrer IP-Adresse) an einen Server von Facebook, welcher sich in den USA befinden kann, \u00fcbertragen und dort gespeichert. Eine Personenidentifizierung ist Facebook auch auf Grundlage der, typischerweise Ihnen beim Surfen von Ihrem Zugangs-Provider zugeordneten, dynamischen IP-Adresse im Regelfall nicht m\u00f6glich. Nach Ver\u00f6ffentlichungen von Facebook werden diese Daten nicht weiter verarbeitet, nicht an Dritte weitergegeben und nach drei Monaten anonymisiert, so dass kein Personenbezug mehr m\u00f6glich ist. Das gilt nicht, wenn Sie beim Besuch unserer Website gleichzeitig bei Facebook eingeloggt sind. Dann kann Facebook den Besuch Ihrem Facebook-Konto zuordnen. F\u00fcr den Fall, dass Sie mit den Plugins interagieren, zum Beispiel den \u201eGef\u00e4llt mir\u201c Button bet\u00e4tigen oder einen Kommentar abgeben, wird die entsprechende Information von Ihrem Browser direkt an Facebook \u00fcbermittelt und dort gespeichert.\u2028 Zweck und Umfang der Datenerhebung und die weitere Verarbeitung und Nutzung der Daten durch Facebook sowie Ihre diesbez\u00fcglichen Rechte und Einstellungsm\u00f6glichkeiten zum Schutz Ihrer Privatsph\u00e4re entnehmen Sie bitte den Datenschutzhinweisen von Facebook.<\/p>\n<p>[\/et_pb_text][\/et_pb_column][\/et_pb_row][\/et_pb_section]<\/p>\n","protected":false},"excerpt":{"rendered":"<p>Rechtliche Hinweise Verf\u00fcgbarkeit und Inhalt des Internet-AuftrittsDie gastroevents GmbH &amp; Co. KG \u00fcbernimmt keinerlei Gew\u00e4hr f\u00fcr die technische Verf\u00fcgbarkeit, Aktualit\u00e4t, Richtigkeit, Vollst\u00e4ndigkeit oder Qualit\u00e4t der im Rahmen dieses Internet-Auftritts bereit gestellten Informationen.\u00a0Die gastroevents GmbH &amp; Co. KG beh\u00e4lt sich ausdr\u00fccklich vor, Teile oder den gesamten Internet-Auftritt ohne gesonderte Ank\u00fcndigung zu ver\u00e4ndern, zu erg\u00e4nzen, zu l\u00f6schen [&hellip;]<\/p>\n","protected":false},"author":1,"featured_media":0,"parent":0,"menu_order":0,"comment_status":"closed","ping_status":"open","template":"","meta":{"_et_pb_use_builder":"on","_et_pb_old_content":"","_et_gb_content_width":"","spay_email":"","footnotes":""},"_links":{"self":[{"href":"https:\/\/www.gastroevents-ulm.de\/event\/wp-json\/wp\/v2\/pages\/56"}],"collection":[{"href":"https:\/\/www.gastroevents-ulm.de\/event\/wp-json\/wp\/v2\/pages"}],"about":[{"href":"https:\/\/www.gastroevents-ulm.de\/event\/wp-json\/wp\/v2\/types\/page"}],"author":[{"embeddable":true,"href":"https:\/\/www.gastroevents-ulm.de\/event\/wp-json\/wp\/v2\/users\/1"}],"replies":[{"embeddable":true,"href":"https:\/\/www.gastroevents-ulm.de\/event\/wp-json\/wp\/v2\/comments?post=56"}],"version-history":[{"count":8,"href":"https:\/\/www.gastroevents-ulm.de\/event\/wp-json\/wp\/v2\/pages\/56\/revisions"}],"predecessor-version":[{"id":2678,"href":"https:\/\/www.gastroevents-ulm.de\/event\/wp-json\/wp\/v2\/pages\/56\/revisions\/2678"}],"wp:attachment":[{"href":"https:\/\/www.gastroevents-ulm.de\/event\/wp-json\/wp\/v2\/media?parent=56"}],"curies":[{"name":"wp","href":"https:\/\/api.w.org\/{rel}","templated":true}]}}